s divided by r.
18
Let p(d) = -5*d + 33. Let c be p(6). Let i be -27 + -7 + c - 3. Let x = -1 - i. Calculate the remainder when 128 is divided by x.
29
Suppose -403 = 9*d + 605. Let t = 136 + d. Calculate the remainder when ((-1 + -3)/4)/((-2)/188) is divided by t.
22
Let o(q) = -q**2 - 14*q + 15. Let v be o(0). Let m(l) = -2*l**2 + 30*l + 7. What is the remainder when 28 is divided by m(v)?
0
Let n(q) = 89*q**2 - 29*q**2 + 6 - 8*q - 26*q**2 - 25*q**2. Calculate the remainder when n(3) is divided by 32.
31
Let b = -18747 + 19922. What is the remainder when b is divided by 4?
3
What is the remainder when -24*8/((-5)/(-35) + (-18)/28) is divided by 56?
48
Let w(z) = -4*z + 199. Let i be w(49). What is the remainder when (i/2)/(-10 - (-13030)/1300) is divided by 37?
28
Let u(f) = 23*f**3 + 9*f**2 - 25*f + 2. What is the remainder when u(3) is divided by 36?
17
Let w(z) = -26*z - 47*z**2 + 146*z**2 - 39 - 96*z**2. Calculate the remainder when w(-16) is divided by 14.
11
Suppose i + 5*g = -3*i, -8 = -4*i - 3*g. Suppose 248 = 9*r - i*r. Let t = -183 - -199. Calculate the remainder when r is divided by t.
14
Let l(c) = -24*c - 47. What is the remainder when l(-9) is divided by 50?
19
Let x = -95 + 69. Let v be 2*((-6)/39 - 43/x). Suppose -v*b + 13*b - 550 = 0. Calculate the remainder when b is divided by 28.
27
Let j(k) = -22*k - 700. What is the remainder when 128 is divided by j(-35)?
58
Let u be (-2)/(4 + (-164)/40). Suppose 8 = 4*l + 5*m, 0 = -2*m - 3*m - u. Calculate the remainder when l is divided by 1*5 + -9 + 7.
1
Let m = 15 + -53. Let i = 5 + m. Let y = i + 40. Calculate the remainder when 12 is divided by y.
5
Suppose 0 = 2*u - 6*u + v + 554, -4*v - 131 = -u. What is the remainder when 514 is divided by u?
97
Let u(z) = 4 - 8 + 5*z**2 + 8 - 7*z. Calculate the remainder when u(4) is divided by 15.
11
Suppose -34*o = -47*o + 2093. Suppose 19*t + o = 26*t. Calculate the remainder when t is divided by 6.
5
Let y(s) = s**2 + 3*s + 3. Suppose -3*w - 18 + 9 = 0, 0 = c + 3*w - 69. What is the remainder when 146/12 - 13/c is divided by y(-4)?
5
Let y = 76 + -250. Let a = 215 + y. Calculate the remainder when 163 is divided by a.
40
Suppose -358 + 3390 = 99*j - 730. Let h be (0 + -1)/1 - -5. Suppose -2*o + 9 + 13 = 3*l, h*l = 4*o + 36. What is the remainder when j is divided by l?
6
Let c = -252 - -274. Let m = 82 - c. What is the remainder when m is divided by 7?
4
Suppose 6 = 108*n - 107*n. Let m = n + 10. Suppose -z - 10 + 35 = 2*k, 29 = z - 2*k. What is the remainder when z is divided by m?
11
Suppose 37 = 10*v - 33. Suppose -5*d + 4*i = -v, -5 = d + i - 1. What is the remainder when 58 is divided by 4 - d/((-4)/(-64))?
18
Suppose 3*p - n - 3*n = 235, -3*p + n + 223 = 0. Suppose -5*g + 46 = 2*k, 3*k + 471*g - 132 = 474*g. Calculate the remainder when p is divided by k.
35
Suppose -l - c + 18 = 0, 5*l + 87*c - 92*c = 160. Suppose 6*h = 2*h + 352. What is the remainder when h is divided by l?
13
Suppose 9458 + 13948 = 46*y + 95*y. Calculate the remainder when 404 is divided by y.
72
Let g be (-130)/(-60) + 10/12 + -2. Calculate the remainder when (0/g - (-309)/6)*4 is divided by 15.
11
Suppose -2*k + 68 = -k. Let o(n) = 7*n**3 - 173*n**2 + 121*n + 105. Calculate the remainder when o(24) is divided by k.
61
Suppose -4*i = 5*l + 103 - 6308, -7*i = -2*i. What is the remainder when l is divided by 6?
5
Suppose 0 = -36*p + 34*p + 3704 - 830. What is the remainder when p is divided by 120?
117
Suppose 2*w + 245 = 5*m + 300, -5*m + 120 = 3*w. What is the remainder when 87 is divided by w?
17
Suppose -3*v = 309 - 978. Let i be 4/1 - (-17 + 18). Suppose -156 = -i*p + 3*q, 3*p + 2*q - 176 = -0*p. Calculate the remainder when v is divided by p.
55
Suppose 4*g + s = 105, 5*s - 1 = 4. Let o = -13 + g. Let t = 1770 - 1721. Calculate the remainder when t is divided by o.
10
Let i = 1216 + -13. What is the remainder when i is divided by 28?
27
Let n(b) = -13*b**2 - 12*b**2 + 33*b**2 + 54 - 10*b - 9*b**2. Suppose 0*j = -j - 2*t + 62, 5*j = 3*t + 284. What is the remainder when j is divided by n(-12)?
28
Let f be (-6)/(-6) - (-6)/6. Let m(k) = -k + 197. What is the remainder when m(0) is divided by (2 + -1)/(f - 130/66)?
32
Let b(l) = 28*l**2 + 1. Let h(w) = -w**3 - 66*w**2 - 114*w + 925. Calculate the remainder when b(2) is divided by h(-64).
26
Suppose 3444 = 10*d + 18414. Let x = -1024 - d. Calculate the remainder when x is divided by 17.
14
Let j(n) = -418*n + 948. What is the remainder when 277 is divided by j(2)?
53
Suppose 80*y = 24*y - 1680. Let n = y - -38. What is the remainder when (6/(-9))/(4/(-186)) is divided by n?
7
Suppose 32*c - 483 - 56 = 421. Calculate the remainder when 1116 is divided by c.
6
Suppose 0*j - 5*j + 4*b = -12, -5*b = -3*j + 2. Suppose -10*n + 5*n + 73 = -3*h, 59 = j*n - 3*h. What is the remainder when 932/18 + 4/18 is divided by n?
10
Let m = 3051 - 2932. Let l = -45 - -71. What is the remainder when m is divided by l?
15
What is the remainder when -26 + 221 - ((3 - 2) + -5) is divided by 111?
88
Let l = -6 - -11. Suppose 0 = -3*a + 5*a + l*j - 75, -5*a + j + 201 = 0. Let i = -11285 + 11360. What is the remainder when i is divided by a?
35
Let r be 10/(-45) - (-5800)/18. Suppose -492 = -11*h + r. Let y = -62 + h. What is the remainder when 129 is divided by y?
9
What is the remainder when 942 is divided by (168/(-35))/(26/(-195))?
6
Let i = -175 + 175. Let g = 49 + -20. What is the remainder when g is divided by 1 + (-1 - i) + 3?
2
Let p = 268526 + -268486. Let l(f) = 3*f**2 - 7*f + 7. Let s(o) = -2*o + 2. Let q be s(4). What is the remainder when l(q) is divided by p?
37
Suppose -219462 - 365263 = 192*i - 217*i. What is the remainder when i is divided by 172?
169
Suppose -102*i + 64*i = -1102. Calculate the remainder when 266 is divided by i.
5
Let q be 6*56/72*(-5976)/(-28). Let m = -72 + q. What is the remainder when m is divided by 116?
112
Let b be (4/(-18))/((-8)/120)*-6. Let r(f) = 3*f**2 + 57*f - 12. What is the remainder when r(b) is divided by 10?
8
Let t(o) = o**2 - 3*o - 7. Let f be t(5). Suppose -f*n = 16 - 82. Let m = 3053 + -3044. What is the remainder when n is divided by m?
4
Let w(n) = -7*n**3 - 3*n**2 + 6*n - 4. Let x(f) = -f**3 + f - 2. Let i(m) = -w(m) + 6*x(m). What is the remainder when i(3) is divided by 8?
6
Let n = 42 - 41. Let x be n/(3/114) - -2. What is the remainder when 77 is divided by x/3*21/7?
37
Suppose 4*j + 8 = 0, 7*f = 2*f - 3*j + 169. What is the remainder when f is divided by 10 - (29 + -29) - -1*2?
11
Let p be 9*(20/4)/(-15). Let y be -1 + 7 + 4/6*p. Suppose -y*t = -6 - 6. Calculate the remainder when 13 is divided by t.
1
Let n be (-768)/(-13) - (-20)/(-260). Calculate the remainder when 28/2 - (66 - n) is divided by 2.
1
Calculate the remainder when (-867)/((-1 - -2)*(-2 - 1)) is divided by 167.
122
Suppose 5*y - 96 = -16. Suppose -5*p = 4*m - y, -2*p - 1 = 3*m - 6. Calculate the remainder when 18 is divided by p.
2
Suppose -2*c - 25 = -3*f - 6*c, 4*f = -3*c + 24. Suppose 0 = 4*x - f - 33. Calculate the remainder when 43 is divided by x.
7
Suppose -850*f + 860*f = 69800. What is the remainder when f is divided by 9?
5
Suppose -5*o - u = u - 1757, -u = 4. What is the remainder when 706 is divided by o?
0
Calculate the remainder when (2/5)/((-9)/(-28575)) is divided by 17.
12
Let r be (-2)/3*(4 - -2). Let y = r - -6. What is the remainder when (94/141)/(1 - (-32)/(-36)) is divided by y?
0
Suppose -7*m + 2*n - 55 = -10*m, -5*m + 5*n + 125 = 0. Let g = 252 + -131. What is the remainder when g is divided by m?
16
Let r(i) = -27*i + 14. Let v(p) = -26*p + 13. Let s(q) = -3*r(q) + 2*v(q). Let k be s(-4). What is the remainder when 37 is divided by (k/77)/((-3)/14)?
5
Let z(g) = 160*g - 20. Let f be z(-17). Calculate the remainder when (4 + f/30)/(2/(-6)) is divided by 53.
50
Let j(n) be the third derivative of 49*n**6/120 - n**5/12 + n**4/3 - 2*n**3/3 - 224*n**2. What is the remainder when j(1) is divided by 23?
2
Suppose -x + 1337 - 777 = 0. Let o = x + -462. What is the remainder when 385 is divided by o?
91
Suppose -15*z = -22*z. Suppose 20*n - 14*n - 330 = z. Calculate the remainder when n is divided by 14.
13
Let f(d) = 2*d**2 + 14*d - 123. Calculate the remainder when 9113 is divided by